Let b(h) = -3*h**2 - 56*h - 878. What is b(-16)?
-750
Let c(p) = 3*p**2 - 16*p - 69. What is c(-3)?
6
Let l(c) = 3*c**2 + 35*c - 186. Calculate l(6).
132
Let z(m) = -304*m - 1816. Determine z(-6).
8
Let w(s) = s**2 + 29*s - 538. Calculate w(-43).
64
Let z(o) = o**2 - 6113*o + 18327. Give z(3).
-3
Let v(r) = -r**3 + 12*r**2 - 12*r + 19. Give v(11).
8
Let i(f) = -2*f**3 + 24*f**2 - 21*f + 279. Determine i(12).
27
Let x(q) = q**2 - 53*q - 134. Give x(55).
-24
Let r(z) = -7*z**2 + 446*z - 6558. Give r(23).
-3
Let r(d) = -d**3 + 11*d**2 + 160*d - 1733. Determine r(13).
9
Let x(y) = -5*y**2 - 36*y + 17. Calculate x(-9).
-64
Let f(y) = 3868*y - 23225. What is f(6)?
-17
Let w(u) = -u**2 - 34*u + 45. Determine w(-26).
253
Let t(m) = -23*m**2 + 470*m + 786. What is t(22)?
-6
Let u(h) = -h**3 + 32*h**2 - 50*h + 755. Determine u(31).
166
Let j(f) = -14*f - 371. Calculate j(13).
-553
Let j(g) = g**2 - 17*g - 129. Give j(-5).
-19
Let w(b) = -954*b**2 + 141*b - 141. Calculate w(1).
-954
Let g(t) = -t**2 + 15*t + 171. Give g(30).
-279
Let p(m) = -131*m - 4606. Calculate p(-35).
-21
Let i(h) = 8*h + 26. Calculate i(6).
74
Let x(v) = 2*v**2 + 33*v + 12. Determine x(-22).
254
Let h(m) = 82*m + 757. Calculate h(-9).
19
Let p(f) = -f**3 + 3*f**2 + 108*f - 39. Calculate p(12).
-39
Let r(b) = -19*b + 2006. Give r(62).
828
Let n(t) = 2953*t + 186046. Determine n(-63).
7
Let g(b) = -535*b + 1611. Calculate g(3).
6
Let a(y) = 4*y**2 + 25*y + 45. Determine a(-4).
9
Let d(f) = -29*f**2 - 529*f + 40. What is d(-18)?
166
Let g(a) = 360*a - 2164. What is g(6)?
-4
Let m(z) = 5*z**2 + 163*z - 60. Give m(-33).
6
Let j(s) = -76*s - 35. Give j(0).
-35
Let l(r) = 75*r - 2769. Determine l(38).
81
Let m(r) = -3150*r - 3149. Calculate m(-1).
1
Let x(y) = y**3 - 11*y + 17. Give x(2).
3
Let l(i) = 5*i**2 + 70*i + 16. Give l(4).
376
Let p(c) = -15*c + 105. Give p(-4).
165
Let g(s) = 1784*s - 12485. Give g(7).
3
Let x(v) = -v**3 - 22*v**2 + 68*v + 2525. Determine x(-18).
5
Let o(r) = -r + 106. Calculate o(-21).
127
Let l(h) = -h**3 - 23*h**2 - 80*h + 11. Calculate l(-13).
-639
Let g(k) = 54*k + 11879. Determine g(-220).
-1
Let o(h) = 340*h + 306. Give o(-1).
-34
Let q(m) = -82*m - 896. Calculate q(-11).
6
Let v(g) = -g**2 + 21*g + 756. Calculate v(-19).
-4
Let p(i) = 3*i**3 - 16*i**2 - 46*i + 242. Determine p(5).
-13
Let s(d) = 53*d**2 + 200*d - 35. Give s(-4).
13
Let w(v) = v**3 - 20*v**2 - 130*v + 1. Determine w(-5).
26
Let h(m) = -8*m**2 - 22*m - 38. Give h(-4).
-78
Let j(k) = k**3 - 22*k**2 - 9*k - 216. Give j(22).
-414
Let l(z) = -z**3 + 10*z**2 + 168*z - 1667. Give l(9).
-74
Let q(v) = -475*v - 5234. What is q(-11)?
-9
Let f(z) = z**3 + 32*z**2 + 74*z + 431. Calculate f(-30).
11
Let o(g) = -71*g**3 - 2*g. Determine o(1).
-73
Let c(n) = 2439*n - 309748. Calculate c(127).
5
Let r(h) = -869*h - 6208. Give r(-7).
-125
Let m(i) = 79*i**2 + 635*i + 51. Determine m(-8).
27
Let c(r) = 6*r**2 - 142*r + 140. Calculate c(1).
4
Let b(o) = 5823*o - 122287. Calculate b(21).
-4
Let l(k) = -2*k**3 - 13*k + 80. What is l(0)?
80
Let b(a) = -3*a**2 + 482*a + 3513. What is b(-7)?
-8
Let q(o) = o**2 - 157*o - 164. Give q(158).
-6
Let q(w) = -263*w + 1830. Determine q(8).
-274
Let v(u) = 21*u**3 + 6*u**2 - 10*u - 4. Determine v(2).
168
Let o(u) = 3*u**3 - 295*u - 60. What is o(10)?
-10
Let u(j) = 11*j - 236. Calculate u(31).
105
Let r(w) = -59*w**3 + 827*w**2 - 14*w - 16. Determine r(14).
-16
Let o(v) = 18*v + 6. Give o(8).
150
Let n(p) = p**2 - 93*p - 8136. What is n(148)?
4
Let x(n) = -39*n + 313. Give x(8).
1
Let k(l) = l**3 + 6*l**2 - 51*l + 37. Give k(-11).
-7
Let z(m) = 158*m**2 - 310*m - 8. What is z(2)?
4
Let i(w) = 67*w + 236. Determine i(-4).
-32
Let b(s) = s**3 + 34*s**2 + 271*s + 5. Give b(-21).
47
Let s(f) = f**2 - 117*f - 746. Determine s(-6).
-8
Let l(c) = -448*c + 7616. Calculate l(17).
0
Let g(r) = -12411*r - 86884. Determine g(-7).
-7
Let u(w) = -62*w - 2983. What is u(-48)?
-7
Let h(k) = k**2 - 32*k + 21. Give h(14).
-231
Let c(p) = 2*p**3 - 176*p**2 + 190*p - 1397. Give c(87).
-5
Let r(c) = -3*c**2 - 30*c + 112. Give r(-13).
-5
Let h(z) = -2*z**3 + 23*z**2 + 15*z - 19. Calculate h(12).
17
Let k(u) = -41*u + 1459. Determine k(37).
-58
Let a(c) = -19*c**2 - 8*c + 35. Determine a(4).
-301
Let b(l) = l**3 - 97*l**2 + 97*l - 182. What is b(96)?
-86
Let o(h) = h**2 + 66*h + 300. Give o(-61).
-5
Let i(b) = -351*b - 3798. Calculate i(-11).
63
Let l(g) = -108*g + 35. What is l(-2)?
251
Let v(f) = -3*f**3 - 4*f - 4. Calculate v(-1).
3
Let x(w) = w**3 - 30*w**2 - 173*w - 69. Calculate x(35).
1
Let t(u) = -10*u + 64. What is t(16)?
-96
Let g(u) = -37*u + 219. Give g(6).
-3
Let s(x) = -6*x - 40. Give s(8).
-88
Let r(l) = 23*l - 2936. Give r(128).
8
Let k(j) = 57*j + 5157. What is k(-87)?
198
Let n(o) = o**2 + 280*o - 5072. Calculate n(17).
-23
Let j(o) = 143*o + 7986. Determine j(-56).
-22
Let f(y) = y**2 + 68*y - 427. Calculate f(6).
17
Let w(o) = o**2 - 45*o - 297. Calculate w(51).
9
Let h(t) = 3386*t + 13537. Calculate h(-4).
-7
Let u(t) = -7*t**2 + 3*t + 47. Give u(0).
47
Let z(f) = 247*f + 59779. Determine z(-242).
5
Let j(o) = -1651*o - 11561. Give j(-7).
-4
Let m(a) = -121*a + 1722. Calculate m(12).
270
Let n(i) = -4*i**2 + 117*i + 1158. What is n(-8)?
-34
Let b(a) = 330*a + 799. What is b(-3)?
-191
Let v(f) = 54*f + 1203. Calculate v(-23).
-39
Let b(g) = g**3 + 184*g**2 + 8332*g + 1248. Give b(-104).
0
Let g(l) = -l**2 + 2*l - 85. What is g(10)?
-165
Let r(l) = l**3 - l**2 - 20*l - 3. Calculate r(6).
57
Let q(f) = 2*f**2 + 115*f + 147. What is q(-56)?
-21
Let l(z) = 3*z**3 + 9*z**2 + 18*z - 15. Determine l(-4).
-135
Let s(m) = -m**3 + 114*m**2 - 220*m - 437. Determine s(112).
11
Let g(p) = -p**3 + 11*p**2 - 25*p + 12. Calculate g(8).
4
Let a(w) = 23*w**2 + 50*w + 226. Give a(-4).
394
Let s(c) = -c**3 + 24*c**2 - 155*c + 285. What is s(6)?
3
Let r(j) = -5*j**2 - 58*j + 230. Determine r(-13).
139
Let y(t) = -177*t - 316. What is y(-3)?
215
Let y(t) = -74*t - 2008. Give y(-23).
-306
Let m(f) = -1105*f + 24306. Give m(22).
-4
Let j(u) = 78*u - 845. Calculate j(11).
13
Let s(p) = -40*p**2 - 313*p + 416. Calculate s(-9).
-7
Let h(s) = -77*s + 919. What is h(17)?
-390
Let q(j) = j**3 - 11*j**2 - 19*j + 26. Give q(9).
-307
Let a(i) = 5*i**2 - 63*i - 811. Calculate a(-8).
13
Let r(k) = -2*k**3 + 10*k**2 - 3*k + 20. What is r(5)?
5
Let k(o) = -7*o - 43. Determine k(-16).
69
Let x(h) = -h**3 - 32*h**2 - 24*h + 37. Determine x(-31).
-180
Let z(q) = -q**3 - 12*q**2 + 23*q + 372. What is z(-10)?
-58
Let i(n) = -91*n - 1909. What is i(-21)?
2
Let v(w) = -5*w**3 + 116*w**2 - 68*w + 1028. Determine v(23).
-7
Let l(w) = 3*w**3 - 64*w**2 - 48*w + 111. What is l(22)?
23
Let g(x) = -2*x**2 - 203*x - 3303. Determine g(-20).
-43
Let b(w) = w**3 + 25*w**2 + 27*w + 61. Give b(-24).
-11
Let m(q) = q**3 + 136*q**2 + 4361*q - 347. Give m(-52).
17
Let u(s) = -s**3 + 10*s**2 - 35*s + 133. Give u(8).
-19
Let t(y) = -y**2 + 245*y - 4302. What is t(19)?
-8
Let z(p) = p**3 - 8*p**2 + 46*p - 229. Determine z(6).
-25
Let t(m) = 3*m**2 + 10*m - 3. Calculate t(5).
122
Let f(w) = 109*w + 11687. Determine f(-107).
24
Let p(a) = 82*a + 9428. Determine p(-115).
-2
Let n(d) = 19*d + 1775. Calculate n(-94).
-11
Let x(y) = y**3 - 11*y**2 - 10*y - 24. Calculate x(12).
0
Let n(j) = -263*j**2 + 22355*j + 5. What is n(85)?
5
Let m(w) = -133*w + 21. Determine m(1).
-112
Let k(i) = 541*i + 2706. Give k(-5).
1
Let b(j) = 14*j**2 + 18*j + 36. Give b(-8).
788
Let v(p) = -972*p + 15555. Calculate v(16).
3
Let b(d) = d**3 + 71*d**2 + 138*d - 94. Give b(-69).
-94
Let p(b) = b**3 - 31*b**2 - 125*b - 101. Determine p(35).
424
Let z(i) = i**2 + 49*i - 1214. Determine z(-67).
-8
Let m(y) = -36*y - 141. What is m(-4)?
3
Let t(w) = 325*w**2 - 2599*w + 22. Determine t(8).
30
Let r(g) = -2*g**2 - 53*g - 54. What is r(-30)?
-264
Let z(w) = -w**2 + 220*w + 73749. What is z(-183)?
0
Let r(m) = -85*m + 729. What is r(7)?
134
Let t(g) = -7*g**2 + 22*g + 143. Determine t(-5).
-142
Let y(v) = -849*v - 28015. Give y(-33).
2
Let b(z) = 317*z + 4126. Calculate b(-13).
5
Let f(k) = -k**3 - 49*k**2 - 562*k - 132. Determine f(-18).
-60
Let h(w) = -19945*w - 19949. Give h(-1).
-4
Let z(g) = 474*g - 9377. What is z(20)?
103
Let p(l) = -4*l**3 + 3*l**2 - 4*l + 3